{"id":1321,"date":"2023-10-31T11:40:51","date_gmt":"2023-10-31T10:40:51","guid":{"rendered":"http:\/\/simonpotmn.cluster020.hosting.ovh.net\/?page_id=1321"},"modified":"2025-05-10T15:12:48","modified_gmt":"2025-05-10T13:12:48","slug":"ateliers-pedagogiques","status":"publish","type":"page","link":"https:\/\/simonpotier.fr\/index.php\/ateliers-pedagogiques\/","title":{"rendered":"Ateliers p\u00e9dagogiques"},"content":{"rendered":"\t\t<div data-elementor-type=\"wp-page\" data-elementor-id=\"1321\" class=\"elementor elementor-1321\">\n\t\t\t\t<div class=\"elementor-element elementor-element-2e596ae e-flex e-con-boxed parallax_section_no qode_elementor_container_no e-con e-parent\" data-id=\"2e596ae\" data-element_type=\"container\">\n\t\t\t\t\t<div class=\"e-con-inner\">\n\t\t\t\t<div class=\"elementor-element elementor-element-2f341df elementor-widget elementor-widget-heading\" data-id=\"2f341df\" data-element_type=\"widget\" data-widget_type=\"heading.default\">\n\t\t\t\t<div class=\"elementor-widget-container\">\n\t\t\t\t\t<h2 class=\"elementor-heading-title elementor-size-default\"><h2 data-elementor-setting-key=\"title\" data-pen-placeholder=\"Type Here...\" style=\"font-weight: var( --e-global-typography-primary-font-weight );font-family: var( --e-global-typography-primary-font-family ), Sans-serif\"><\/h2><h3 data-elementor-setting-key=\"title\" data-pen-placeholder=\"Type Here...\" style=\"font-weight: var( --e-global-typography-primary-font-weight );font-family: var( --e-global-typography-primary-font-family ), Sans-serif\"><span style=\"font-family: var( --e-global-typography-primary-font-family ), Sans-serif;font-weight: var( --e-global-typography-primary-font-weight );text-align: var(--text-align)\"><font color=\"#c89454\">Des ateliers p\u00e9dagogiques adapt\u00e9s \u00e0 tous cycles !<\/font><\/span><\/h3><\/h2>\t\t\t\t<\/div>\n\t\t\t\t<\/div>\n\t\t\t\t\t<\/div>\n\t\t\t\t<\/div>\n\t\t<div class=\"elementor-element elementor-element-2d4b059 e-flex e-con-boxed parallax_section_no qode_elementor_container_no e-con e-parent\" data-id=\"2d4b059\" data-element_type=\"container\">\n\t\t\t\t\t<div class=\"e-con-inner\">\n\t\t\t\t<div class=\"elementor-element elementor-element-d43d526 elementor-widget elementor-widget-text-editor\" data-id=\"d43d526\" data-element_type=\"widget\" data-widget_type=\"text-editor.default\">\n\t\t\t\t<div class=\"elementor-widget-container\">\n\t\t\t\t\t\t\t\t\t<p>Je propose des interventions avec la pr\u00e9sence d&#8217;oiseaux aupr\u00e8s des \u00e9coles, coll\u00e8ges, accueils collectifs de mineurs (ACM) ou des centres sociaux, afin de former sur la biologie des rapaces et de l&#8217;importance de leur protection. Ces ateliers sont cl\u00e9s en mains, mais des ateliers en co-constructions seraient les bienvenus.<\/p>\t\t\t\t\t\t\t\t<\/div>\n\t\t\t\t<\/div>\n\t\t\t\t\t<\/div>\n\t\t\t\t<\/div>\n\t\t<div class=\"elementor-element elementor-element-da55aee e-flex e-con-boxed parallax_section_no qode_elementor_container_no e-con e-parent\" data-id=\"da55aee\" data-element_type=\"container\">\n\t\t\t\t\t<div class=\"e-con-inner\">\n\t\t\t\t<div class=\"elementor-element elementor-element-7704457 elementor-widget elementor-widget-text-editor\" data-id=\"7704457\" data-element_type=\"widget\" data-widget_type=\"text-editor.default\">\n\t\t\t\t<div class=\"elementor-widget-container\">\n\t\t\t\t\t\t\t\t\t<h4>5 ateliers compl\u00e9mentaires pour des connaissances diversifi\u00e9es !<\/h4>\t\t\t\t\t\t\t\t<\/div>\n\t\t\t\t<\/div>\n\t\t\t\t\t<\/div>\n\t\t\t\t<\/div>\n\t\t<div class=\"elementor-element elementor-element-82b7bb1 e-flex e-con-boxed parallax_section_no qode_elementor_container_no e-con e-parent\" data-id=\"82b7bb1\" data-element_type=\"container\">\n\t\t\t\t\t<div class=\"e-con-inner\">\n\t\t<div class=\"elementor-element elementor-element-fe50ea0 e-con-full e-flex parallax_section_no qode_elementor_container_no e-con e-child\" data-id=\"fe50ea0\" data-element_type=\"container\">\n\t\t\t\t<div class=\"elementor-element elementor-element-6956b02 elementor-widget elementor-widget-qi_addons_for_elementor_interactive_banner\" data-id=\"6956b02\" data-element_type=\"widget\" data-settings=\"{&quot;_animation&quot;:&quot;none&quot;}\" data-widget_type=\"qi_addons_for_elementor_interactive_banner.default\">\n\t\t\t\t<div class=\"elementor-widget-container\">\n\t\t\t\t\t<div class=\"qodef-shortcode qodef-m  qodef-qi-interactive-banner qodef-layout--standard \">\n\t<div class=\"qodef-m-image\">\n\t<img fetchpriority=\"high\" decoding=\"async\" width=\"650\" height=\"650\" src=\"https:\/\/simonpotier.fr\/wp-content\/uploads\/2023\/11\/Crec_noire-1-650x650.jpg\" class=\"attachment-qi_addons_for_elementor_image_size_square size-qi_addons_for_elementor_image_size_square\" alt=\"\" srcset=\"https:\/\/simonpotier.fr\/wp-content\/uploads\/2023\/11\/Crec_noire-1-650x650.jpg 650w, https:\/\/simonpotier.fr\/wp-content\/uploads\/2023\/11\/Crec_noire-1-150x150.jpg 150w, https:\/\/simonpotier.fr\/wp-content\/uploads\/2023\/11\/Crec_noire-1-570x570.jpg 570w, https:\/\/simonpotier.fr\/wp-content\/uploads\/2023\/11\/Crec_noire-1-500x500.jpg 500w\" sizes=\"(max-width: 650px) 100vw, 650px\" \/><\/div>\n\t<div class=\"qodef-m-content\">\n\t\t<div class=\"qodef-m-content-inner\">\n\t\t\t\t\t\t\t<h3 class=\"qodef-m-title\">\n\t\tRAPACES\t<\/h3>\n\t\t\t\t<div class=\"qodef-m-button\">\n\t\t<a class=\"qodef-shortcode qodef-m  qodef-qi-button qodef-html--link qodef-layout--filled qodef-type--standard   qodef-icon--right qodef-hover--icon-move-horizontal-short     \" href=\"http:\/\/simonpotier.fr\/wp-content\/uploads\/2023\/11\/Atelier-1.pdf\" target=\"_blank\">\t<span class=\"qodef-m-text\">Plaquette<\/span>\t<\/a>\t<\/div>\n\t\t<\/div>\n\t<\/div>\n\t<a itemprop=\"url\" href=\"http:\/\/simonpotier.fr\/wp-content\/uploads\/2023\/11\/Atelier-1.pdf\" class=\"qodef-m-banner-link\" target=\"_blank\"><\/a>\n<\/div>\n\t\t\t\t<\/div>\n\t\t\t\t<\/div>\n\t\t\t\t<\/div>\n\t\t<div class=\"elementor-element elementor-element-6d0c0ff e-con-full e-flex parallax_section_no qode_elementor_container_no e-con e-child\" data-id=\"6d0c0ff\" data-element_type=\"container\">\n\t\t\t\t<div class=\"elementor-element elementor-element-bc20077 e-transform elementor-widget elementor-widget-qi_addons_for_elementor_interactive_banner\" data-id=\"bc20077\" data-element_type=\"widget\" data-settings=\"{&quot;_transform_rotateZ_effect&quot;:{&quot;unit&quot;:&quot;px&quot;,&quot;size&quot;:&quot;&quot;,&quot;sizes&quot;:[]},&quot;_transform_rotateZ_effect_tablet&quot;:{&quot;unit&quot;:&quot;deg&quot;,&quot;size&quot;:&quot;&quot;,&quot;sizes&quot;:[]},&quot;_transform_rotateZ_effect_mobile&quot;:{&quot;unit&quot;:&quot;deg&quot;,&quot;size&quot;:&quot;&quot;,&quot;sizes&quot;:[]}}\" data-widget_type=\"qi_addons_for_elementor_interactive_banner.default\">\n\t\t\t\t<div class=\"elementor-widget-container\">\n\t\t\t\t\t<div class=\"qodef-shortcode qodef-m  qodef-qi-interactive-banner qodef-layout--standard \">\n\t<div class=\"qodef-m-image\">\n\t<img decoding=\"async\" width=\"650\" height=\"650\" src=\"https:\/\/simonpotier.fr\/wp-content\/uploads\/2023\/11\/Effraie_noire-1-650x650.jpg\" class=\"attachment-qi_addons_for_elementor_image_size_square size-qi_addons_for_elementor_image_size_square\" alt=\"\" srcset=\"https:\/\/simonpotier.fr\/wp-content\/uploads\/2023\/11\/Effraie_noire-1-650x650.jpg 650w, https:\/\/simonpotier.fr\/wp-content\/uploads\/2023\/11\/Effraie_noire-1-150x150.jpg 150w, https:\/\/simonpotier.fr\/wp-content\/uploads\/2023\/11\/Effraie_noire-1-570x570.jpg 570w, https:\/\/simonpotier.fr\/wp-content\/uploads\/2023\/11\/Effraie_noire-1-500x500.jpg 500w\" sizes=\"(max-width: 650px) 100vw, 650px\" \/><\/div>\n\t<div class=\"qodef-m-content\">\n\t\t<div class=\"qodef-m-content-inner\">\n\t\t\t\t\t\t\t<h3 class=\"qodef-m-title\">\n\t\tRAPACES NOCTURNES\t<\/h3>\n\t\t\t\t<div class=\"qodef-m-button\">\n\t\t<a class=\"qodef-shortcode qodef-m  qodef-qi-button qodef-html--link qodef-layout--filled qodef-type--standard   qodef-icon--right qodef-hover--icon-move-horizontal-short     \" href=\"http:\/\/simonpotier.fr\/wp-content\/uploads\/2023\/11\/Atelier-2.pdf\" target=\"_blank\">\t<span class=\"qodef-m-text\">Plaquette<\/span>\t<\/a>\t<\/div>\n\t\t<\/div>\n\t<\/div>\n\t<a itemprop=\"url\" href=\"http:\/\/simonpotier.fr\/wp-content\/uploads\/2023\/11\/Atelier-2.pdf\" class=\"qodef-m-banner-link\" target=\"_blank\"><\/a>\n<\/div>\n\t\t\t\t<\/div>\n\t\t\t\t<\/div>\n\t\t\t\t<\/div>\n\t\t<div class=\"elementor-element elementor-element-6b1e4b7 e-con-full e-flex parallax_section_no qode_elementor_container_no e-con e-child\" data-id=\"6b1e4b7\" data-element_type=\"container\">\n\t\t\t\t<div class=\"elementor-element elementor-element-6065df6 elementor-widget elementor-widget-qi_addons_for_elementor_interactive_banner\" data-id=\"6065df6\" data-element_type=\"widget\" data-widget_type=\"qi_addons_for_elementor_interactive_banner.default\">\n\t\t\t\t<div class=\"elementor-widget-container\">\n\t\t\t\t\t<div class=\"qodef-shortcode qodef-m  qodef-qi-interactive-banner qodef-layout--standard \">\n\t<div class=\"qodef-m-image\">\n\t<img decoding=\"async\" width=\"650\" height=\"650\" src=\"https:\/\/simonpotier.fr\/wp-content\/uploads\/2023\/11\/pyg_noir-650x650.png\" class=\"attachment-qi_addons_for_elementor_image_size_square size-qi_addons_for_elementor_image_size_square\" alt=\"\" srcset=\"https:\/\/simonpotier.fr\/wp-content\/uploads\/2023\/11\/pyg_noir-650x650.png 650w, https:\/\/simonpotier.fr\/wp-content\/uploads\/2023\/11\/pyg_noir-150x150.png 150w, https:\/\/simonpotier.fr\/wp-content\/uploads\/2023\/11\/pyg_noir-570x570.png 570w, https:\/\/simonpotier.fr\/wp-content\/uploads\/2023\/11\/pyg_noir-500x500.png 500w, https:\/\/simonpotier.fr\/wp-content\/uploads\/2023\/11\/pyg_noir-1000x1000.png 1000w, https:\/\/simonpotier.fr\/wp-content\/uploads\/2023\/11\/pyg_noir-1300x1300.png 1300w\" sizes=\"(max-width: 650px) 100vw, 650px\" \/><\/div>\n\t<div class=\"qodef-m-content\">\n\t\t<div class=\"qodef-m-content-inner\">\n\t\t\t\t\t\t\t<h3 class=\"qodef-m-title\">\n\t\tRAPACES DIURNES\t<\/h3>\n\t\t\t\t<div class=\"qodef-m-button\">\n\t\t<a class=\"qodef-shortcode qodef-m  qodef-qi-button qodef-html--link qodef-layout--filled qodef-type--standard   qodef-icon--right qodef-hover--icon-move-horizontal-short     \" href=\"http:\/\/simonpotier.fr\/wp-content\/uploads\/2023\/11\/Atelier-3.pdf\" target=\"_blank\">\t<span class=\"qodef-m-text\">Plaquette<\/span>\t<\/a>\t<\/div>\n\t\t<\/div>\n\t<\/div>\n\t<a itemprop=\"url\" href=\"http:\/\/simonpotier.fr\/wp-content\/uploads\/2023\/11\/Atelier-3.pdf\" class=\"qodef-m-banner-link\" target=\"_blank\"><\/a>\n<\/div>\n\t\t\t\t<\/div>\n\t\t\t\t<\/div>\n\t\t\t\t<\/div>\n\t\t<div class=\"elementor-element elementor-element-1177d63 e-con-full e-flex parallax_section_no qode_elementor_container_no e-con e-child\" data-id=\"1177d63\" data-element_type=\"container\">\n\t\t\t\t<div class=\"elementor-element elementor-element-b69e818 elementor-widget elementor-widget-qi_addons_for_elementor_interactive_banner\" data-id=\"b69e818\" data-element_type=\"widget\" data-widget_type=\"qi_addons_for_elementor_interactive_banner.default\">\n\t\t\t\t<div class=\"elementor-widget-container\">\n\t\t\t\t\t<div class=\"qodef-shortcode qodef-m  qodef-qi-interactive-banner qodef-layout--standard \">\n\t<div class=\"qodef-m-image\">\n\t<img loading=\"lazy\" decoding=\"async\" width=\"650\" height=\"650\" src=\"https:\/\/simonpotier.fr\/wp-content\/uploads\/2023\/11\/epervier_noir-650x650.png\" class=\"attachment-qi_addons_for_elementor_image_size_square size-qi_addons_for_elementor_image_size_square\" alt=\"\" srcset=\"https:\/\/simonpotier.fr\/wp-content\/uploads\/2023\/11\/epervier_noir-650x650.png 650w, https:\/\/simonpotier.fr\/wp-content\/uploads\/2023\/11\/epervier_noir-150x150.png 150w, https:\/\/simonpotier.fr\/wp-content\/uploads\/2023\/11\/epervier_noir-570x570.png 570w, https:\/\/simonpotier.fr\/wp-content\/uploads\/2023\/11\/epervier_noir-500x500.png 500w, https:\/\/simonpotier.fr\/wp-content\/uploads\/2023\/11\/epervier_noir-1000x1000.png 1000w, https:\/\/simonpotier.fr\/wp-content\/uploads\/2023\/11\/epervier_noir-1300x1300.png 1300w\" sizes=\"(max-width: 650px) 100vw, 650px\" \/><\/div>\n\t<div class=\"qodef-m-content\">\n\t\t<div class=\"qodef-m-content-inner\">\n\t\t\t\t\t\t\t<h3 class=\"qodef-m-title\">\n\t\tRAPACES ET FAUCONNERIE\t<\/h3>\n\t\t\t\t<div class=\"qodef-m-button\">\n\t\t<a class=\"qodef-shortcode qodef-m  qodef-qi-button qodef-html--link qodef-layout--filled qodef-type--standard   qodef-icon--right qodef-hover--icon-move-horizontal-short     \" href=\"http:\/\/simonpotier.fr\/wp-content\/uploads\/2023\/11\/Atelier-4.pdf\" target=\"_blank\">\t<span class=\"qodef-m-text\">Plaquette<\/span>\t<\/a>\t<\/div>\n\t\t<\/div>\n\t<\/div>\n\t<a itemprop=\"url\" href=\"http:\/\/simonpotier.fr\/wp-content\/uploads\/2023\/11\/Atelier-4.pdf\" class=\"qodef-m-banner-link\" target=\"_blank\"><\/a>\n<\/div>\n\t\t\t\t<\/div>\n\t\t\t\t<\/div>\n\t\t\t\t<\/div>\n\t\t<div class=\"elementor-element elementor-element-2371bb0 e-con-full e-flex parallax_section_no qode_elementor_container_no e-con e-child\" data-id=\"2371bb0\" data-element_type=\"container\">\n\t\t\t\t<div class=\"elementor-element elementor-element-a9a0d67 elementor-widget elementor-widget-qi_addons_for_elementor_interactive_banner\" data-id=\"a9a0d67\" data-element_type=\"widget\" data-widget_type=\"qi_addons_for_elementor_interactive_banner.default\">\n\t\t\t\t<div class=\"elementor-widget-container\">\n\t\t\t\t\t<div class=\"qodef-shortcode qodef-m  qodef-qi-interactive-banner qodef-layout--standard \">\n\t<div class=\"qodef-m-image\">\n\t<img loading=\"lazy\" decoding=\"async\" width=\"650\" height=\"650\" src=\"https:\/\/simonpotier.fr\/wp-content\/uploads\/2023\/11\/Serpent_noire-1-650x650.jpg\" class=\"attachment-qi_addons_for_elementor_image_size_square size-qi_addons_for_elementor_image_size_square\" alt=\"\" srcset=\"https:\/\/simonpotier.fr\/wp-content\/uploads\/2023\/11\/Serpent_noire-1-650x650.jpg 650w, https:\/\/simonpotier.fr\/wp-content\/uploads\/2023\/11\/Serpent_noire-1-150x150.jpg 150w, https:\/\/simonpotier.fr\/wp-content\/uploads\/2023\/11\/Serpent_noire-1-570x570.jpg 570w, https:\/\/simonpotier.fr\/wp-content\/uploads\/2023\/11\/Serpent_noire-1-500x500.jpg 500w\" sizes=\"(max-width: 650px) 100vw, 650px\" \/><\/div>\n\t<div class=\"qodef-m-content\">\n\t\t<div class=\"qodef-m-content-inner\">\n\t\t\t\t\t\t\t<h3 class=\"qodef-m-title\">\n\t\t5 SENS\t<\/h3>\n\t\t\t\t<div class=\"qodef-m-button\">\n\t\t<a class=\"qodef-shortcode qodef-m  qodef-qi-button qodef-html--link qodef-layout--filled qodef-type--standard   qodef-icon--right qodef-hover--icon-move-horizontal-short     \" href=\"http:\/\/simonpotier.fr\/wp-content\/uploads\/2023\/11\/Atelier-5.pdf\" target=\"_blank\">\t<span class=\"qodef-m-text\">Plaquette<\/span>\t<\/a>\t<\/div>\n\t\t<\/div>\n\t<\/div>\n\t<a itemprop=\"url\" href=\"http:\/\/simonpotier.fr\/wp-content\/uploads\/2023\/11\/Atelier-5.pdf\" class=\"qodef-m-banner-link\" target=\"_blank\"><\/a>\n<\/div>\n\t\t\t\t<\/div>\n\t\t\t\t<\/div>\n\t\t\t\t<\/div>\n\t\t\t\t\t<\/div>\n\t\t\t\t<\/div>\n\t\t<div class=\"elementor-element elementor-element-c1bf62c e-flex e-con-boxed parallax_section_no qode_elementor_container_no e-con e-parent\" data-id=\"c1bf62c\" data-element_type=\"container\">\n\t\t\t\t\t<div class=\"e-con-inner\">\n\t\t\t\t<div class=\"elementor-element elementor-element-855df2f elementor-align-center elementor-widget elementor-widget-button\" data-id=\"855df2f\" data-element_type=\"widget\" data-widget_type=\"button.default\">\n\t\t\t\t<div class=\"elementor-widget-container\">\n\t\t\t\t\t\t\t\t\t<div class=\"elementor-button-wrapper\">\n\t\t\t\t\t<a class=\"elementor-button elementor-button-link elementor-size-sm\" href=\"http:\/\/simonpotier.fr\/wp-content\/uploads\/2023\/11\/Livret-ateliers-pedagogiques-Simon-Potier.pdf\" target=\"_blank\">\n\t\t\t\t\t\t<span class=\"elementor-button-content-wrapper\">\n\t\t\t\t\t\t\t\t\t<span class=\"elementor-button-text\">T\u00e9l\u00e9chargez ici le dossier complet des 5 ateliers avec la fiche technique<\/span>\n\t\t\t\t\t<\/span>\n\t\t\t\t\t<\/a>\n\t\t\t\t<\/div>\n\t\t\t\t\t\t\t\t<\/div>\n\t\t\t\t<\/div>\n\t\t\t\t\t<\/div>\n\t\t\t\t<\/div>\n\t\t<div class=\"elementor-element elementor-element-0808394 e-flex e-con-boxed parallax_section_no qode_elementor_container_no e-con e-parent\" data-id=\"0808394\" data-element_type=\"container\">\n\t\t\t\t\t<div class=\"e-con-inner\">\n\t\t\t\t<div class=\"elementor-element elementor-element-153f1b8 elementor-align-center elementor-widget elementor-widget-button\" data-id=\"153f1b8\" data-element_type=\"widget\" data-widget_type=\"button.default\">\n\t\t\t\t<div class=\"elementor-widget-container\">\n\t\t\t\t\t\t\t\t\t<div class=\"elementor-button-wrapper\">\n\t\t\t\t\t<a class=\"elementor-button elementor-button-link elementor-size-sm\" href=\"http:\/\/simonpotier.fr\/index.php\/contact-us\/\" target=\"_blank\">\n\t\t\t\t\t\t<span class=\"elementor-button-content-wrapper\">\n\t\t\t\t\t\t\t\t\t<span class=\"elementor-button-text\">Cliquez ici pour demander un devis<\/span>\n\t\t\t\t\t<\/span>\n\t\t\t\t\t<\/a>\n\t\t\t\t<\/div>\n\t\t\t\t\t\t\t\t<\/div>\n\t\t\t\t<\/div>\n\t\t\t\t\t<\/div>\n\t\t\t\t<\/div>\n\t\t<div class=\"elementor-element elementor-element-d3b99af e-flex e-con-boxed parallax_section_no qode_elementor_container_no e-con e-parent\" data-id=\"d3b99af\" data-element_type=\"container\">\n\t\t\t\t\t<div class=\"e-con-inner\">\n\t\t\t\t<div class=\"elementor-element elementor-element-513e4d6 elementor-widget elementor-widget-spacer\" data-id=\"513e4d6\" data-element_type=\"widget\" data-widget_type=\"spacer.default\">\n\t\t\t\t<div class=\"elementor-widget-container\">\n\t\t\t\t\t\t\t<div class=\"elementor-spacer\">\n\t\t\t<div class=\"elementor-spacer-inner\"><\/div>\n\t\t<\/div>\n\t\t\t\t\t\t<\/div>\n\t\t\t\t<\/div>\n\t\t\t\t\t<\/div>\n\t\t\t\t<\/div>\n\t\t<div class=\"elementor-element elementor-element-1ed51c5 e-flex e-con-boxed parallax_section_no qode_elementor_container_no e-con e-parent\" data-id=\"1ed51c5\" data-element_type=\"container\">\n\t\t\t\t\t<div class=\"e-con-inner\">\n\t\t\t\t<div class=\"elementor-element elementor-element-4913fb7 elementor-widget elementor-widget-text-editor\" data-id=\"4913fb7\" data-element_type=\"widget\" data-widget_type=\"text-editor.default\">\n\t\t\t\t<div class=\"elementor-widget-container\">\n\t\t\t\t\t\t\t\t\t<h4>Quelques retours d&#8217;exp\u00e9rience !<\/h4>\t\t\t\t\t\t\t\t<\/div>\n\t\t\t\t<\/div>\n\t\t\t\t\t<\/div>\n\t\t\t\t<\/div>\n\t\t<div class=\"elementor-element elementor-element-255caa4 e-flex e-con-boxed parallax_section_no qode_elementor_container_no e-con e-parent\" data-id=\"255caa4\" data-element_type=\"container\">\n\t\t\t\t\t<div class=\"e-con-inner\">\n\t\t\t\t<div class=\"elementor-element elementor-element-dd7abf4 elementor-widget elementor-widget-bridge_testimonials\" data-id=\"dd7abf4\" data-element_type=\"widget\" data-widget_type=\"bridge_testimonials.default\">\n\t\t\t\t<div class=\"elementor-widget-container\">\n\t\t\t\t\t<div class='testimonials_holder clearfix '><div class=\"testimonials testimonials_carousel\" data-show-navigation=\"no\" data-animation-type=\"fade\" data-animation-speed=\"\" data-auto-rotate-slides=\"5\" data-number-per-slide=\"1\"><ul class=\"slides\"><li id=\"testimonials97\" class=\"testimonial_content\"><div class=\"testimonial_content_inner\"><div class=\"testimonial_image_holder\"><img decoding=\"async\" itemprop=\"image\" src=\"\" \/><\/div><div class=\"testimonial_text_holder\"><div class=\"testimonial_text_inner\" style=\"\"><p>Les enfants sont rentr\u00e9s chez eux ravis de leur journ\u00e9e. C'\u00e9tait une intervention au top, avec un contenu de qualit\u00e9 et des interactions tr\u00e8s enrichissantes. Le vol en classe est vraiment un plus. Je n'h\u00e9siterai pas \u00e0 vous recommander.<\/p><p class=\"testimonial_author\" style=\"\">S. Naquet<\/p><\/div><\/div><\/div><\/li><li id=\"testimonials110\" class=\"testimonial_content\"><div class=\"testimonial_content_inner\"><div class=\"testimonial_image_holder\"><img decoding=\"async\" itemprop=\"image\" src=\"\" \/><\/div><div class=\"testimonial_text_holder\"><div class=\"testimonial_text_inner\" style=\"\"><p>Nous avons pass\u00e9 une chouette journ\u00e9e ! Les \u00e9l\u00e8ves comme les ma\u00eetresses ont \u00e9t\u00e9 fascin\u00e9es.<\/p><p class=\"testimonial_author\" style=\"\">C. Plouvier<\/p><\/div><\/div><\/div><\/li><li id=\"testimonials111\" class=\"testimonial_content\"><div class=\"testimonial_content_inner\"><div class=\"testimonial_image_holder\"><img decoding=\"async\" itemprop=\"image\" src=\"\" \/><\/div><div class=\"testimonial_text_holder\"><div class=\"testimonial_text_inner\" style=\"\"><p>Cher Simon, c\u2019est tr\u00e8s gentil d\u2019\u00eatre venu dans notre classe nous pr\u00e9senter tes rapaces et de nous avoir appris plein de choses sur ces oiseaux. Nous en gardons un tr\u00e8s bon souvenir. Merci beaucoup pour ta gentillesse.<\/p><p class=\"testimonial_author\" style=\"\">Classe de CE1 de F. Darbi<\/p><\/div><\/div><\/div><\/li><li id=\"testimonials2311\" class=\"testimonial_content\"><div class=\"testimonial_content_inner\"><div class=\"testimonial_image_holder\"><img decoding=\"async\" itemprop=\"image\" src=\"\" \/><\/div><div class=\"testimonial_text_holder\"><div class=\"testimonial_text_inner\" style=\"\"><p>Ce f\u00fbt un grand plaisir d'accueillir Simon dans notre classe de CE2-CM1\r\npour apprendre pleins de choses sur les rapaces nocturnes ! Je\r\nrecommande vivement !<\/p><p class=\"testimonial_author\" style=\"\">M\u00e9lisse Vasseur Haillet, classe CE2-CM1<\/p><\/div><\/div><\/div><\/li><li id=\"testimonials2312\" class=\"testimonial_content\"><div class=\"testimonial_content_inner\"><div class=\"testimonial_image_holder\"><img decoding=\"async\" itemprop=\"image\" src=\"\" \/><\/div><div class=\"testimonial_text_holder\"><div class=\"testimonial_text_inner\" style=\"\"><p>Monsieur Potier est bienveillant et p\u00e9dagogue : il veille \u00e0 faire\r\nparticiper un maximum d'enfants en les mettant \u00e0 l'aise. Les ateliers\r\nsont dynamiques : quelques vid\u00e9os bien choisies, des activit\u00e9s pour les\r\n\u00e9l\u00e8ves, des explications adapt\u00e9es au niveau des enfants. Tout cela\r\nponctu\u00e9 par la pr\u00e9sence de 2 rapaces qui volent dans la classe au dessus\r\ndes t\u00eates : des moments merveilleux !<\/p><p class=\"testimonial_author\" style=\"\">Philippe Mercier et M\u00e9gane Laurence, classe CM1-CM2<\/p><\/div><\/div><\/div><\/li><li id=\"testimonials2313\" class=\"testimonial_content\"><div class=\"testimonial_content_inner\"><div class=\"testimonial_image_holder\"><img decoding=\"async\" itemprop=\"image\" src=\"\" \/><\/div><div class=\"testimonial_text_holder\"><div class=\"testimonial_text_inner\" style=\"\"><p>Un grand merci pour l'animation propos\u00e9e sur les rapaces nocturnes. Une\r\ns\u00e9ance tr\u00e8s int\u00e9ressante et dynamique. M. Potier nous  a apport\u00e9  des\r\nconnaissances avec beaucoup de p\u00e9dagogie et de bienveillance. Une\r\nexp\u00e9rience que les \u00e9l\u00e8ves ne sont pas pr\u00eats d'oublier!<\/p><p class=\"testimonial_author\" style=\"\">Nathalie Pacquotte, classe CE1<\/p><\/div><\/div><\/div><\/li><li id=\"testimonials2314\" class=\"testimonial_content\"><div class=\"testimonial_content_inner\"><div class=\"testimonial_image_holder\"><img decoding=\"async\" itemprop=\"image\" src=\"\" \/><\/div><div class=\"testimonial_text_holder\"><div class=\"testimonial_text_inner\" style=\"\"><p>Une s\u00e9ance d'environ 1 h, intense et  interactive : tous les enfants ont particip\u00e9.\r\n22 \u00e9l\u00e8ves captiv\u00e9s par les \u00e9changes avec Simon Potier qui est tr\u00e8s p\u00e9dagogue. La venue de 2 rapaces se d\u00e9pla\u00e7ant en volant dans la classe, au dessus des t\u00eates des enfants, restera une incroyable exp\u00e9rience. Cette intervention est \u00e0 conseiller aux coll\u00e8gues et pour nous \u00e0 renouveler dans quelques ann\u00e9es.<\/p><p class=\"testimonial_author\" style=\"\">Isabelle Broquet, classe CP<\/p><\/div><\/div><\/div><\/li><\/ul><\/div><\/div>\t\t\t\t<\/div>\n\t\t\t\t<\/div>\n\t\t\t\t\t<\/div>\n\t\t\t\t<\/div>\n\t\t<div class=\"elementor-element elementor-element-6dc6b65 e-flex e-con-boxed parallax_section_no qode_elementor_container_no e-con e-parent\" data-id=\"6dc6b65\" data-element_type=\"container\">\n\t\t\t\t\t<div class=\"e-con-inner\">\n\t\t\t\t<div class=\"elementor-element elementor-element-0a3280c elementor-align-right elementor-widget elementor-widget-button\" data-id=\"0a3280c\" data-element_type=\"widget\" data-widget_type=\"button.default\">\n\t\t\t\t<div class=\"elementor-widget-container\">\n\t\t\t\t\t\t\t\t\t<div class=\"elementor-button-wrapper\">\n\t\t\t\t\t<a class=\"elementor-button elementor-button-link elementor-size-sm\" href=\"http:\/\/simonpotier.fr\/\">\n\t\t\t\t\t\t<span class=\"elementor-button-content-wrapper\">\n\t\t\t\t\t\t<span class=\"elementor-button-icon\">\n\t\t\t\t<i aria-hidden=\"true\" class=\"far fa-arrow-alt-circle-left\"><\/i>\t\t\t<\/span>\n\t\t\t\t\t\t\t\t\t<span class=\"elementor-button-text\">Retour<\/span>\n\t\t\t\t\t<\/span>\n\t\t\t\t\t<\/a>\n\t\t\t\t<\/div>\n\t\t\t\t\t\t\t\t<\/div>\n\t\t\t\t<\/div>\n\t\t\t\t\t<\/div>\n\t\t\t\t<\/div>\n\t\t<div class=\"elementor-element elementor-element-7ef6385 e-flex e-con-boxed parallax_section_no qode_elementor_container_no e-con e-parent\" data-id=\"7ef6385\" data-element_type=\"container\">\n\t\t\t\t\t<div class=\"e-con-inner\">\n\t\t\t\t<div class=\"elementor-element elementor-element-f0534e0 elementor-widget elementor-widget-spacer\" data-id=\"f0534e0\" data-element_type=\"widget\" data-widget_type=\"spacer.default\">\n\t\t\t\t<div class=\"elementor-widget-container\">\n\t\t\t\t\t\t\t<div class=\"elementor-spacer\">\n\t\t\t<div class=\"elementor-spacer-inner\"><\/div>\n\t\t<\/div>\n\t\t\t\t\t\t<\/div>\n\t\t\t\t<\/div>\n\t\t\t\t\t<\/div>\n\t\t\t\t<\/div>\n\t\t\t\t<\/div>\n\t\t","protected":false},"excerpt":{"rendered":"<p>Des ateliers p\u00e9dagogiques adapt\u00e9s \u00e0 tous cycles ! Je propose des interventions avec la pr\u00e9sence d&#8217;oiseaux aupr\u00e8s des \u00e9coles, coll\u00e8ges, accueils collectifs de mineurs (ACM) ou des centres sociaux, afin de former sur la biologie des rapaces et de l&#8217;importance de leur protection. Ces ateliers&#8230;<\/p>\n","protected":false},"author":1,"featured_media":0,"parent":0,"menu_order":0,"comment_status":"closed","ping_status":"closed","template":"","meta":{"content-type":"","footnotes":""},"class_list":["post-1321","page","type-page","status-publish","hentry"],"_links":{"self":[{"href":"https:\/\/simonpotier.fr\/index.php\/wp-json\/wp\/v2\/pages\/1321","targetHints":{"allow":["GET"]}}],"collection":[{"href":"https:\/\/simonpotier.fr\/index.php\/wp-json\/wp\/v2\/pages"}],"about":[{"href":"https:\/\/simonpotier.fr\/index.php\/wp-json\/wp\/v2\/types\/page"}],"author":[{"embeddable":true,"href":"https:\/\/simonpotier.fr\/index.php\/wp-json\/wp\/v2\/users\/1"}],"replies":[{"embeddable":true,"href":"https:\/\/simonpotier.fr\/index.php\/wp-json\/wp\/v2\/comments?post=1321"}],"version-history":[{"count":61,"href":"https:\/\/simonpotier.fr\/index.php\/wp-json\/wp\/v2\/pages\/1321\/revisions"}],"predecessor-version":[{"id":2317,"href":"https:\/\/simonpotier.fr\/index.php\/wp-json\/wp\/v2\/pages\/1321\/revisions\/2317"}],"wp:attachment":[{"href":"https:\/\/simonpotier.fr\/index.php\/wp-json\/wp\/v2\/media?parent=1321"}],"curies":[{"name":"wp","href":"https:\/\/api.w.org\/{rel}","templated":true}]}}